{"id":92,"date":"2016-07-11T18:33:20","date_gmt":"2016-07-11T17:33:20","guid":{"rendered":"http:\/\/tierarztbuechler.de\/?page_id=92"},"modified":"2026-01-16T20:11:59","modified_gmt":"2026-01-16T19:11:59","slug":"labor","status":"publish","type":"page","link":"https:\/\/tierarztbuechler.de\/?page_id=92","title":{"rendered":"Labor"},"content":{"rendered":"<p><img loading=\"lazy\" decoding=\"async\" class=\"alignnone wp-image-55\" src=\"https:\/\/tierarztbuechler.de\/wp-content\/uploads\/2016\/04\/Buechler_037-1024x684.jpg\" alt=\"Buechler_037\" width=\"237\" height=\"159\" srcset=\"https:\/\/tierarztbuechler.de\/wp-content\/uploads\/2016\/04\/Buechler_037-1024x684.jpg 1024w, https:\/\/tierarztbuechler.de\/wp-content\/uploads\/2016\/04\/Buechler_037-300x200.jpg 300w, https:\/\/tierarztbuechler.de\/wp-content\/uploads\/2016\/04\/Buechler_037-768x513.jpg 768w, https:\/\/tierarztbuechler.de\/wp-content\/uploads\/2016\/04\/Buechler_037-840x560.jpg 840w, https:\/\/tierarztbuechler.de\/wp-content\/uploads\/2016\/04\/Buechler_037.jpg 1200w\" sizes=\"auto, (max-width: 237px) 100vw, 237px\" \/>\u00a0\u00a0\u00a0 <img loading=\"lazy\" decoding=\"async\" class=\"alignnone wp-image-54\" src=\"https:\/\/tierarztbuechler.de\/wp-content\/uploads\/2016\/04\/Buechler_036-300x200.jpg\" alt=\"\" width=\"236\" height=\"157\" srcset=\"https:\/\/tierarztbuechler.de\/wp-content\/uploads\/2016\/04\/Buechler_036-300x200.jpg 300w, https:\/\/tierarztbuechler.de\/wp-content\/uploads\/2016\/04\/Buechler_036-768x513.jpg 768w, https:\/\/tierarztbuechler.de\/wp-content\/uploads\/2016\/04\/Buechler_036-1024x684.jpg 1024w, https:\/\/tierarztbuechler.de\/wp-content\/uploads\/2016\/04\/Buechler_036-840x560.jpg 840w, https:\/\/tierarztbuechler.de\/wp-content\/uploads\/2016\/04\/Buechler_036.jpg 1200w\" sizes=\"auto, (max-width: 236px) 100vw, 236px\" \/><\/p>\n<p>F\u00fcr viele Erkrankungen muss das Blut nicht mehr ins Fremdlabor eingeschickt werden. Schilddr\u00fcsen und Zuckerpatienten k\u00f6nnen auf die Ergebnisse in der Praxis warten.<\/p>\n<p>T4 (Thyroxin), Gerinnungsfaktor, SAA, CRP\u00a0 und Gallens\u00e4uren ist innerhalb weniger Minuten hier bei uns bestimmbar, so kann die Therapie direkt eingeleitet werden.<\/p>\n<p><strong>Zu unseren Laborleistungen geh\u00f6ren au\u00dferdem:<\/strong><\/p>\n<ul>\n<li>Kotuntersuchungen (Flotation, Elisa-Tests)<\/li>\n<li>Blutanalyse (Blutbild, Blutchemie, Elektrolyte)<\/li>\n<li>Pilzkulturen anlegen<\/li>\n<li>Mikroskopie<\/li>\n<li>Harnuntersuchungen (Harnstatus mit Dichte und U\/PC )<\/li>\n<\/ul>\n<p>Wir bieten Ihnen\u00a0weitere <strong>externe<\/strong> Laboruntersuchungen an, wie z.B.: MDR1 Gendefekt, Tollwuttiter-AK, ACTH-Test und vieles mehr.<\/p>\n","protected":false},"excerpt":{"rendered":"<p>\u00a0\u00a0\u00a0 F\u00fcr viele Erkrankungen muss das Blut nicht mehr ins Fremdlabor eingeschickt werden. Schilddr\u00fcsen und Zuckerpatienten k\u00f6nnen auf die Ergebnisse in der Praxis warten. T4 (Thyroxin), Gerinnungsfaktor, SAA, CRP\u00a0 und Gallens\u00e4uren ist innerhalb weniger Minuten hier bei uns bestimmbar, so kann die Therapie direkt eingeleitet werden. Zu unseren Laborleistungen geh\u00f6ren au\u00dferdem: Kotuntersuchungen (Flotation, Elisa-Tests) Blutanalyse (Blutbild, Blutchemie, Elektrolyte) Pilzkulturen anlegen Mikroskopie Harnuntersuchungen (Harnstatus mit Dichte und U\/PC ) Wir bieten Ihnen\u00a0weitere externe Laboruntersuchungen an, wie z.B.: MDR1 Gendefekt, Tollwuttiter-AK, ACTH-Test und vieles mehr.<\/p>\n","protected":false},"author":1,"featured_media":0,"parent":0,"menu_order":20,"comment_status":"closed","ping_status":"closed","template":"","meta":{"footnotes":""},"class_list":["post-92","page","type-page","status-publish","hentry"],"jetpack_shortlink":"https:\/\/wp.me\/P76Nh5-1u","jetpack_sharing_enabled":true,"_links":{"self":[{"href":"https:\/\/tierarztbuechler.de\/index.php?rest_route=\/wp\/v2\/pages\/92","targetHints":{"allow":["GET"]}}],"collection":[{"href":"https:\/\/tierarztbuechler.de\/index.php?rest_route=\/wp\/v2\/pages"}],"about":[{"href":"https:\/\/tierarztbuechler.de\/index.php?rest_route=\/wp\/v2\/types\/page"}],"author":[{"embeddable":true,"href":"https:\/\/tierarztbuechler.de\/index.php?rest_route=\/wp\/v2\/users\/1"}],"replies":[{"embeddable":true,"href":"https:\/\/tierarztbuechler.de\/index.php?rest_route=%2Fwp%2Fv2%2Fcomments&post=92"}],"version-history":[{"count":8,"href":"https:\/\/tierarztbuechler.de\/index.php?rest_route=\/wp\/v2\/pages\/92\/revisions"}],"predecessor-version":[{"id":1302,"href":"https:\/\/tierarztbuechler.de\/index.php?rest_route=\/wp\/v2\/pages\/92\/revisions\/1302"}],"wp:attachment":[{"href":"https:\/\/tierarztbuechler.de\/index.php?rest_route=%2Fwp%2Fv2%2Fmedia&parent=92"}],"curies":[{"name":"wp","href":"https:\/\/api.w.org\/{rel}","templated":true}]}}